{"id":4954,"date":"2017-12-17T00:17:07","date_gmt":"2017-12-16T22:17:07","guid":{"rendered":"http:\/\/horsefood.ee\/?post_type=product&#038;p=4954"},"modified":"2025-07-03T11:44:26","modified_gmt":"2025-07-03T08:44:26","slug":"urdimaiustused-horsefoodi-ambris-75kg","status":"publish","type":"product","link":"https:\/\/horsefood.ee\/latvia\/pood\/urdimaiustused-horsefoodi-ambris-75kg\/","title":{"rendered":"\u00dcrdimaiustused 7,5kg, Horsefoodi originaal\u00e4mbris"},"content":{"rendered":"<p><strong>NB! Kasutatakse naturaalseid komponente, ning sellest johtuvalt v\u00f5ivad osad m\u00e4rgitud v\u00e4\u00e4rtused m\u00f5ningal m\u00e4\u00e4ral k\u00f5ikuda!<\/strong><\/p>\n<hr \/>\n<p>Toorproteiin 12,5%, toorrasv 2,8%, toortselluloos (kiudaine) 13,5%, Ca 2%, P 0,5%, A-vitamiin, D-vitamiin, E-vitamiin.<\/p>","protected":false},"excerpt":{"rendered":"<p>Maitsvad, tervislikud ja naturaalsed maiused Sinu hobusele v\u00f5i ponile! Toode on pakendatud Horsefoodi 15 L originaal\u00e4mbrisse.<\/p>\n<p><strong>Koostis:\u00a0<\/strong>mais, kaltsiumkarbonaat, soolakad kuivikud, kummel, salvei, sarapuup\u00e4hkli lehed, k\u00f5rven\u00f5ges, koriander, majoraan.<\/p>\n<p>Pakend: 7,5kg<\/p>","protected":false},"featured_media":5511,"template":"","meta":{"jetpack_post_was_ever_published":false,"jetpack_publicize_message":"","jetpack_publicize_feature_enabled":true,"jetpack_social_post_already_shared":false,"jetpack_social_options":{"image_generator_settings":{"template":"highway","default_image_id":0,"font":"","enabled":false},"version":2}},"product_brand":[],"product_cat":[56,51],"product_tag":[],"class_list":{"0":"post-4954","1":"product","2":"type-product","3":"status-publish","4":"has-post-thumbnail","6":"product_cat-horsefoodthebest","7":"product_cat-maiused","9":"first","10":"outofstock","11":"shipping-taxable","12":"purchasable","13":"product-type-simple"},"jetpack_publicize_connections":[],"jetpack_sharing_enabled":true,"jetpack-related-posts":[{"id":6367,"url":"https:\/\/horsefood.ee\/latvia\/pood\/urdimaiused-5kg\/","url_meta":{"origin":4954,"position":0},"title":"\u00dcrdimaiustused Horsefoodi originaalpakendis 5kg","author":"kadri koppel","date":"3. Dec 2018","format":false,"excerpt":"\u00dclimaitsvad ja tervislikud \u00fcrdibonbonid on n\u00fc\u00fcd saadaval ka 5kg pakendis! Usu, need on t\u00e4iesti imelised 6-e erineva maitsetaimega\/ - vitamiinidega rikastatud maiused Sinu hobusele v\u00f5i ponile. T\u00e4iends\u00f6\u00f6t Koostis:\u00a0mais, kaltsiumkarbonaat, soolakad kuivikud, kummel, salvei, sarapuup\u00e4hkli lehed, k\u00f5rven\u00f5ges, koriander, majoraan. A-vitamiin (3a672b) 20 000 IE D3-vitamiin (3a671) 1500IE E-vitamiin (3a700) 150mg Pakend:\u2026","rel":"","context":"Similar post","block_context":{"text":"Similar post","link":""},"img":{"alt_text":"","src":"https:\/\/i0.wp.com\/horsefood.ee\/wp-content\/uploads\/2018\/12\/PSX_20181204_170616.jpg?fit=900%2C1200&ssl=1&resize=350%2C200","width":350,"height":200,"srcset":"https:\/\/i0.wp.com\/horsefood.ee\/wp-content\/uploads\/2018\/12\/PSX_20181204_170616.jpg?fit=900%2C1200&ssl=1&resize=350%2C200 1x, https:\/\/i0.wp.com\/horsefood.ee\/wp-content\/uploads\/2018\/12\/PSX_20181204_170616.jpg?fit=900%2C1200&ssl=1&resize=525%2C300 1.5x, https:\/\/i0.wp.com\/horsefood.ee\/wp-content\/uploads\/2018\/12\/PSX_20181204_170616.jpg?fit=900%2C1200&ssl=1&resize=700%2C400 2x"},"classes":[]},{"id":17597,"url":"https:\/\/horsefood.ee\/latvia\/pood\/all-round-paardenbrok-ulalpidamisgraanul-1000kg-ettetellimisel\/","url_meta":{"origin":4954,"position":1},"title":"All-round paardenbrok (igap\u00e4evane graanul \/ m\u00f5\u00f5dukas koormus) Bigbox 1000,0kg ettetellimisel!","author":"Kaido Koppel","date":"6. Aug 2023","format":false,"excerpt":"Ilma kaerata, suure vitamiinide-, mineraalide ja mikroelementide osakaaluga. Optimaalne graanul, mis sobib k\u00f5ikidele madalat energiataset n\u00f5udvatele hobustele ja ponidele.\u00a0 See lisands\u00f6\u00f6t sisaldab enam kui k\u00fcllaldaselt vajalikke toitaineid, mis on vajalikud hoolduss\u00f6\u00f6dana. See graanul sobib ka kores\u00f6\u00f6da lisandiks, kui hobune on \u00fclalpidamisel v\u00f5i teeb kergemat t\u00f6\u00f6d. Koostis: nisu, oder, mais, kaerajahu,\u2026","rel":"","context":"Similar post","block_context":{"text":"Similar post","link":""},"img":{"alt_text":"","src":"https:\/\/i0.wp.com\/horsefood.ee\/wp-content\/uploads\/2023\/08\/Big-Box.-Horsefood-the-best-scaled.jpg?fit=1135%2C1200&ssl=1&resize=350%2C200","width":350,"height":200,"srcset":"https:\/\/i0.wp.com\/horsefood.ee\/wp-content\/uploads\/2023\/08\/Big-Box.-Horsefood-the-best-scaled.jpg?fit=1135%2C1200&ssl=1&resize=350%2C200 1x, https:\/\/i0.wp.com\/horsefood.ee\/wp-content\/uploads\/2023\/08\/Big-Box.-Horsefood-the-best-scaled.jpg?fit=1135%2C1200&ssl=1&resize=525%2C300 1.5x, https:\/\/i0.wp.com\/horsefood.ee\/wp-content\/uploads\/2023\/08\/Big-Box.-Horsefood-the-best-scaled.jpg?fit=1135%2C1200&ssl=1&resize=700%2C400 2x, https:\/\/i0.wp.com\/horsefood.ee\/wp-content\/uploads\/2023\/08\/Big-Box.-Horsefood-the-best-scaled.jpg?fit=1135%2C1200&ssl=1&resize=1050%2C600 3x"},"classes":[]},{"id":3508,"url":"https:\/\/horsefood.ee\/latvia\/pood\/urdimaiustused\/","url_meta":{"origin":4954,"position":2},"title":"\u00dcrdimaiustused 6-e erineva maitsetaimega, 1,5kg karbis","author":"Georg Koppel","date":"14. Apr 2017","format":false,"excerpt":"Maitsvad, tervislikud ja naturaalsed maiused Sinu hobusele v\u00f5i ponile! T\u00e4iends\u00f6\u00f6t Koostis:\u00a0mais, kaltsiumkarbonaat, soolakad kuivikud, kummel, salvei, sarapuup\u00e4hkli lehed, k\u00f5rven\u00f5ges, koriander, majoraan. A-vitamiin (3a672b) 20 000 IE D3-vitamiin (3a671) 1500IE E-vitamiin (3a700) 150mg Pakend: 1,5 kg. \u00a0","rel":"","context":"Similar post","block_context":{"text":"Similar post","link":""},"img":{"alt_text":"","src":"https:\/\/i0.wp.com\/horsefood.ee\/wp-content\/uploads\/2017\/04\/%C3%9Crdikommid-15kg.png?fit=794%2C1123&ssl=1&resize=350%2C200","width":350,"height":200,"srcset":"https:\/\/i0.wp.com\/horsefood.ee\/wp-content\/uploads\/2017\/04\/%C3%9Crdikommid-15kg.png?fit=794%2C1123&ssl=1&resize=350%2C200 1x, https:\/\/i0.wp.com\/horsefood.ee\/wp-content\/uploads\/2017\/04\/%C3%9Crdikommid-15kg.png?fit=794%2C1123&ssl=1&resize=525%2C300 1.5x, https:\/\/i0.wp.com\/horsefood.ee\/wp-content\/uploads\/2017\/04\/%C3%9Crdikommid-15kg.png?fit=794%2C1123&ssl=1&resize=700%2C400 2x"},"classes":[]},{"id":6622,"url":"https:\/\/horsefood.ee\/latvia\/pood\/e-seleenmix-e-vitamiin-seleen\/","url_meta":{"origin":4954,"position":3},"title":"E-Seleen (k\u00f5ikide rakkude kaitse, immuunsus) 1000ml","author":"kadri koppel","date":"23. Jan 2019","format":false,"excerpt":"T\u00e4iends\u00f6\u00f6t hobustele. Horsefood E-Seleen on v\u00f5imas antioks\u00fcdant, mis pakub tuge hobustele ja ponidele, kes peavad regulaarselt treenima. See on oluline lihaste ja k\u00f5\u00f5luste kaitsmiseks ning nende tippvormis hoidmiseks. See maitsev lisand on kombinatsioon erinevatest E-vitamiini vormidest, sealhulgas looduslikust vormist RRR-alfatokoferoolist, orgaanilisest seleeniallikast, C-vitamiinist ja aminohapetest. E-vitamiin on v\u00f5imas antioks\u00fcdant, mis\u2026","rel":"","context":"Similar post","block_context":{"text":"Similar post","link":""},"img":{"alt_text":"","src":"https:\/\/i0.wp.com\/horsefood.ee\/wp-content\/uploads\/2023\/10\/IMG_0769-1-scaled.jpeg?fit=900%2C1200&ssl=1&resize=350%2C200","width":350,"height":200,"srcset":"https:\/\/i0.wp.com\/horsefood.ee\/wp-content\/uploads\/2023\/10\/IMG_0769-1-scaled.jpeg?fit=900%2C1200&ssl=1&resize=350%2C200 1x, https:\/\/i0.wp.com\/horsefood.ee\/wp-content\/uploads\/2023\/10\/IMG_0769-1-scaled.jpeg?fit=900%2C1200&ssl=1&resize=525%2C300 1.5x, https:\/\/i0.wp.com\/horsefood.ee\/wp-content\/uploads\/2023\/10\/IMG_0769-1-scaled.jpeg?fit=900%2C1200&ssl=1&resize=700%2C400 2x"},"classes":[]},{"id":17511,"url":"https:\/\/horsefood.ee\/latvia\/pood\/gastro-activecare-mix-teravilja-melassi-ja-gluteenivaba-korge-kiudainesisaldus-lisatud-parm-ja-magneesium-20kg\/","url_meta":{"origin":4954,"position":4},"title":"Gastro Activecare-Mix (teravilja-, melassi- ja gluteenivaba \/ k\u00f5rge kiudainesisaldus \/ lisatud p\u00e4rm ja magneesium \/ k\u00f5rgeim koormus) 20kg","author":"kadri koppel","date":"21. J\u016bl 2023","format":false,"excerpt":"L\u00e4bim\u00f5eldud kiudainerikas m\u00fcsli sporthobustele, kellel on tundlik seedimine, kuid kes t\u00f6\u00f6tavad ka k\u00f5rgema koormuse juures. T\u00e4iends\u00f6\u00f6t. Gastro Activecare-Mix on loodud hobustele, kelle puhul ei sobi traditsioonilised teraviljarikkad s\u00f6\u00f6dad, kuid kellelt oodatakse siiski j\u00f5udlust, vastupidavust ja head t\u00f6\u00f6v\u00f5imet ka intensiivse treeningu ja v\u00f5istlusperioodil. K\u00f5rge toorkiu sisaldus (u 21%) toetab s\u00fclje tootmist\u2026","rel":"","context":"Similar post","block_context":{"text":"Similar post","link":""},"img":{"alt_text":"","src":"https:\/\/i0.wp.com\/horsefood.ee\/wp-content\/uploads\/2023\/07\/Gastro-ActiveCare-Mix-1.jpg?fit=720%2C1024&ssl=1&resize=350%2C200","width":350,"height":200,"srcset":"https:\/\/i0.wp.com\/horsefood.ee\/wp-content\/uploads\/2023\/07\/Gastro-ActiveCare-Mix-1.jpg?fit=720%2C1024&ssl=1&resize=350%2C200 1x, https:\/\/i0.wp.com\/horsefood.ee\/wp-content\/uploads\/2023\/07\/Gastro-ActiveCare-Mix-1.jpg?fit=720%2C1024&ssl=1&resize=525%2C300 1.5x, https:\/\/i0.wp.com\/horsefood.ee\/wp-content\/uploads\/2023\/07\/Gastro-ActiveCare-Mix-1.jpg?fit=720%2C1024&ssl=1&resize=700%2C400 2x"},"classes":[]},{"id":12957,"url":"https:\/\/horsefood.ee\/latvia\/pood\/superhorze-lactarecovery\/","url_meta":{"origin":4954,"position":5},"title":"SUPERHORZE LACTARECOVERY (Taastumine\/j\u00f5udlus) 1000ml","author":"Kaido Koppel","date":"11. Mai 2021","format":false,"excerpt":"Ainulaadne segu elektrol\u00fc\u00fctidest, kiiresti imenduvatest taimsetest toitainetest, vitamiin E-st, B-vitamiini kompleksist ning orgaanilisest seleenip\u00e4rmist soolestiku tasakaalu toetamiseks p\u00e4rast tugevaid j\u00f5upingutusi, tsingist ja suurest kogusest tugevatest kudede ehitusplokkidest (aminohapetest), mis leevendavad lihasskeleti ebamugavusi ja toetavad optimaalset taastumist! Hea taastumine on \u00fcks peamistest faktoritest, mis tagab Teie hobuse maksimaalse j\u00f5udluse mitmep\u00e4evaste v\u00f5istluste\u2026","rel":"","context":"Similar post","block_context":{"text":"Similar post","link":""},"img":{"alt_text":"","src":"https:\/\/i0.wp.com\/horsefood.ee\/wp-content\/uploads\/2021\/05\/SuperHorze-Lacta-Recovery-1L-shadow.png?fit=800%2C1200&ssl=1&resize=350%2C200","width":350,"height":200,"srcset":"https:\/\/i0.wp.com\/horsefood.ee\/wp-content\/uploads\/2021\/05\/SuperHorze-Lacta-Recovery-1L-shadow.png?fit=800%2C1200&ssl=1&resize=350%2C200 1x, https:\/\/i0.wp.com\/horsefood.ee\/wp-content\/uploads\/2021\/05\/SuperHorze-Lacta-Recovery-1L-shadow.png?fit=800%2C1200&ssl=1&resize=525%2C300 1.5x, https:\/\/i0.wp.com\/horsefood.ee\/wp-content\/uploads\/2021\/05\/SuperHorze-Lacta-Recovery-1L-shadow.png?fit=800%2C1200&ssl=1&resize=700%2C400 2x"},"classes":[]}],"_links":{"self":[{"href":"https:\/\/horsefood.ee\/latvia\/wp-json\/wp\/v2\/product\/4954","targetHints":{"allow":["GET"]}}],"collection":[{"href":"https:\/\/horsefood.ee\/latvia\/wp-json\/wp\/v2\/product"}],"about":[{"href":"https:\/\/horsefood.ee\/latvia\/wp-json\/wp\/v2\/types\/product"}],"wp:featuredmedia":[{"embeddable":true,"href":"https:\/\/horsefood.ee\/latvia\/wp-json\/wp\/v2\/media\/5511"}],"wp:attachment":[{"href":"https:\/\/horsefood.ee\/latvia\/wp-json\/wp\/v2\/media?parent=4954"}],"wp:term":[{"taxonomy":"product_brand","embeddable":true,"href":"https:\/\/horsefood.ee\/latvia\/wp-json\/wp\/v2\/product_brand?post=4954"},{"taxonomy":"product_cat","embeddable":true,"href":"https:\/\/horsefood.ee\/latvia\/wp-json\/wp\/v2\/product_cat?post=4954"},{"taxonomy":"product_tag","embeddable":true,"href":"https:\/\/horsefood.ee\/latvia\/wp-json\/wp\/v2\/product_tag?post=4954"}],"curies":[{"name":"wp","href":"https:\/\/api.w.org\/{rel}","templated":true}]}}