{"id":4127,"date":"2017-08-18T23:41:54","date_gmt":"2017-08-18T20:41:54","guid":{"rendered":"http:\/\/horsefood.ee\/?post_type=product&#038;p=4127"},"modified":"2026-04-21T14:14:57","modified_gmt":"2026-04-21T11:14:57","slug":"zeewier-mix-valik-mineraale-ca-biotiin-se-na-2kg","status":"publish","type":"product","link":"https:\/\/horsefood.ee\/latvia\/pood\/zeewier-mix-valik-mineraale-ca-biotiin-se-na-2kg\/","title":{"rendered":"Zeewierbrokjes \/merevetikad (valik mineraale: Ca, biotiin, Se, Na) 2kg"},"content":{"rendered":"","protected":false},"excerpt":{"rendered":"<hr \/>\n<p>S\u00f6\u00f6dalisand. Valik mineraale<b>. Merevetikad.\u00a0<\/b>Puhas,<strong> naturaalne toode.<\/strong><\/p>\n<ul>\n<li>vitamiinid: A, B1, B2, B3, B12, D-vitamiin ja E-vitamiin,<\/li>\n<li>mineraalained: Ca, biotiin, Se, Na.<\/li>\n<\/ul>\n<p><em><strong>Horsefood`The best\u00a0<\/strong><\/em>merevetikad on turvaline valik ja uus t\u00e4iendus hobuste toidulauale. Kui j\u00e4lgid soovituslikke p\u00e4evaannuseid, siis on tegemist turvalise ja suurep\u00e4rase tootega,\u00a0 kuna merevetikates on looduslik valik erinevaid vitamiine, mineraale, mikroelemente ning aminohappeid:<\/p>\n<ul>\n<li>merevetikad aitavad loomaorganismist toksiine\/ainevahetuslikke j\u00e4\u00e4kproduskte v\u00e4ljutada,<\/li>\n<li>paraneb ainevahetus ning v\u00e4hendab rasvumist,<\/li>\n<li>merevetikad toetavad kogu immuuns\u00fcsteemi,<\/li>\n<li>paraneb karva struktuur ja vastupanuv\u00f5ime UV-kiirgusele ning erinevatele naha v\u00e4listele vigastustele\/h\u00f5\u00f5rumistele jm,<\/li>\n<li>karv muutub tihedaks, mustust h\u00fclgavaks ning on \u00e4\u00e4rmiselt kauni l\u00e4ikega,<\/li>\n<li>viimased uuringud on n\u00e4idanud, et merevetikates leiduvad mineraalsed allikad v\u00f5ivad parandada luude tugevust ja tihedust,<br \/>\n<h5 class=\"entry-title\">(Marine-Derived Minerals Might Improve Equine Bone Density\/Thehorse.com\/2019-07)<\/h5>\n<\/li>\n<li>\u00fches uuringus leiti, et merevetikates leiduv kaltsium(Ca) on ka effektiivne buffer happelise maon\u00f5re vastu.<\/li>\n<\/ul>\n<p><strong>Annustamine<\/strong>: <strong>10gr\/<\/strong>100kg kehakaalu kohta p\u00e4evas. Minimaalne p\u00e4evane annus on 20gr.<\/p>\n<p>V\u00e4ga mitmed allikad ei soovita merevetikaid\u00a0 tiinetele\u00a0 ja lakteerivatele m\u00e4radele suurtes kogustes!<\/p>\n<p><strong>Kogus: 2kg <\/strong>(laokaup),<strong> 20kg<\/strong> <em>(ettetellimisega!).<\/em><\/p>\n<p>Valmistaja maa: Holland.<\/p>\n<p>&nbsp;<\/p>","protected":false},"featured_media":4852,"template":"","meta":{"jetpack_post_was_ever_published":false,"jetpack_publicize_message":"","jetpack_publicize_feature_enabled":true,"jetpack_social_post_already_shared":false,"jetpack_social_options":{"image_generator_settings":{"template":"highway","default_image_id":0,"font":"","enabled":false},"version":2}},"product_brand":[],"product_cat":[56,52],"product_tag":[72,77,76,74,79,69],"class_list":{"0":"post-4127","1":"product","2":"type-product","3":"status-publish","4":"has-post-thumbnail","6":"product_cat-horsefoodthebest","7":"product_cat-mineraalid","8":"product_tag-ainevahetushaigused","9":"product_tag-harrastus","10":"product_tag-heaolu-ja-tervis","11":"product_tag-hingamisprobleemid","12":"product_tag-mineraalid","13":"product_tag-seenioritele","15":"first","16":"instock","17":"shipping-taxable","18":"purchasable","19":"product-type-simple"},"jetpack_publicize_connections":[],"jetpack_sharing_enabled":true,"jetpack-related-posts":[{"id":5086,"url":"https:\/\/horsefood.ee\/latvia\/pood\/digest-control-brok-20kg\/","url_meta":{"origin":4127,"position":0},"title":"Digest Control Brok (seedimine \/ k\u00f5ikidele hobustele) 20kg","author":"kadri koppel","date":"25. Jan 2018","format":false,"excerpt":"T\u00e4iends\u00f6\u00f6t. HORSEFOOD`the best \u00e4\u00e4rmiselt k\u00f5rgekvaliteediline spordigraanul. Loodud spetsiaalselt treenivatele\u00a0hobustele, kelledel on tundlikum seedes\u00fcsteem v\u00f5i probleeme seedimisega. Sobilik graanul k\u00f5ikidele hobustele, igasuguse koormuse juures treenimisel!\u00a0\u00a0J\u00e4rk-j\u00e4rgult\u00a0vabanev energia.\u00a0 Antud graanul sisaldab rikkalikult toorkiudu, mis stimuleerib n\u00e4rimist ning soodustab s\u00fcljeeritust. N\u00e4rimisintensiivsusest s\u00f5ltub s\u00fclje eritumise kogus, mis aitab neutraliseerida happelist maosekreeti. Graanulis sisalduvad toitained on\u2026","rel":"","context":"Similar post","block_context":{"text":"Similar post","link":""},"img":{"alt_text":"","src":"https:\/\/i0.wp.com\/horsefood.ee\/wp-content\/uploads\/2020\/02\/Kvaliteet-1024x576.png?resize=350%2C200","width":350,"height":200,"srcset":"https:\/\/i0.wp.com\/horsefood.ee\/wp-content\/uploads\/2020\/02\/Kvaliteet-1024x576.png?resize=350%2C200 1x, https:\/\/i0.wp.com\/horsefood.ee\/wp-content\/uploads\/2020\/02\/Kvaliteet-1024x576.png?resize=525%2C300 1.5x, https:\/\/i0.wp.com\/horsefood.ee\/wp-content\/uploads\/2020\/02\/Kvaliteet-1024x576.png?resize=700%2C400 2x"},"classes":[]},{"id":5373,"url":"https:\/\/horsefood.ee\/latvia\/pood\/sport-recoverytaastumine-sooritusvoime4kg\/","url_meta":{"origin":4127,"position":1},"title":"Sport Recovery+(aleuroon \/ sooritusv\u00f5ime \/ taastumine) 4kg","author":"kadri koppel","date":"1. Apr 2018","format":false,"excerpt":"Maksimaalse v\u00f5imekusega lihased ja kiire taastumine pingutusest. Iga p\u00e4ev! S\u00f6\u00f6dalisand. Horsefood Sport Recovery+ granuleeritud lisandit kasutatakse \u00fche komponendina ka\u00a0Horsefood`the best s\u00f6\u00f6das, Refit Energybrok. Siiski, k\u00f5ik hobused ei vaja s\u00f6\u00f6dast saadavat energiatihedust\/toitev\u00e4\u00e4rtust, kuid ometi vajavad ka nemad maksimaalse v\u00f5imekusega lihaseid ja tuge pingutusest taastumiseks. Teatud isendid v\u00f5ivad vajada lisatuge, kas siis\u2026","rel":"","context":"Similar post","block_context":{"text":"Similar post","link":""},"img":{"alt_text":"","src":"https:\/\/i0.wp.com\/horsefood.ee\/wp-content\/uploads\/2023\/10\/IMG_8072.jpeg?fit=700%2C700&ssl=1&resize=350%2C200","width":350,"height":200,"srcset":"https:\/\/i0.wp.com\/horsefood.ee\/wp-content\/uploads\/2023\/10\/IMG_8072.jpeg?fit=700%2C700&ssl=1&resize=350%2C200 1x, https:\/\/i0.wp.com\/horsefood.ee\/wp-content\/uploads\/2023\/10\/IMG_8072.jpeg?fit=700%2C700&ssl=1&resize=525%2C300 1.5x, https:\/\/i0.wp.com\/horsefood.ee\/wp-content\/uploads\/2023\/10\/IMG_8072.jpeg?fit=700%2C700&ssl=1&resize=700%2C400 2x"},"classes":[]},{"id":5956,"url":"https:\/\/horsefood.ee\/latvia\/pood\/sport-recovery-sooritusvoime-taastumine-10kg\/","url_meta":{"origin":4127,"position":2},"title":"Sport Recovery (sooritusv\u00f5ime \/ taastumine) HF \u00e4mbris 10kg","author":"kadri koppel","date":"25. Aug 2018","format":false,"excerpt":"Maksimaalse v\u00f5imekusega lihased ja kiire taastumine pingutusest. Iga p\u00e4ev! T\u00e4iends\u00f6\u00f6t.\u00a0Sport Recovery+\u00a0granuleeritud lisandit kasutatakse \u00fche komponendina ka\u00a0Horsefood`the best\u00a0s\u00f6\u00f6das, Refit Energybrok. Siiski, k\u00f5ik hobused ei vaja s\u00f6\u00f6dast saadavat energiatihedust\/toitev\u00e4\u00e4rtust, kuid ometi vajavad ka nemad maksimaalse v\u00f5imekusega lihaseid ja tuge pingutusest taastumiseks. Teatud isendid v\u00f5ivad vajada lisatuge, kas siis\u00a0vigastusest taastumise j\u00e4rgselt\u00a0v\u00f5i tippsoorituse juures\u2026","rel":"","context":"Similar post","block_context":{"text":"Similar post","link":""},"img":{"alt_text":"","src":"https:\/\/i0.wp.com\/horsefood.ee\/wp-content\/uploads\/2018\/08\/Sport-recovery.jpg?fit=500%2C667&ssl=1&resize=350%2C200","width":350,"height":200},"classes":[]},{"id":19604,"url":"https:\/\/horsefood.ee\/latvia\/pood\/horsefood-licks-optimaalne-kogus-vitamiinie-mineraale-ja-mikroelemente-15kg\/","url_meta":{"origin":4127,"position":3},"title":"Horsefood Licks  (optimaalne kogus  vitamiinie, mineraale ja mikroelemente)  15kg","author":"Kaido Koppel","date":"10. J\u016bn 2024","format":false,"excerpt":"See suurp\u00e4rane vitamiini\u00e4mber pakub hobustele optimaalset vitamiinide, mineraalide ja mikroelementide t\u00e4iendust, toetades hobuse tervist. - Sobib hobustele, kes ei saa lisands\u00f6\u00f6ta. - Suurep\u00e4rane t\u00e4iendus noorte hobuste kasvatamisel. - Ideaalne karjatamisel. - Sobib tiinetele ja imetavatele m\u00e4radele. - Kergesti omastatav. Horsefood Licks on hea imendumisv\u00f5imega ja on rikastatud k\u00fc\u00fcslaugu ekstraktiga. Pakub\u2026","rel":"","context":"Similar post","block_context":{"text":"Similar post","link":""},"img":{"alt_text":"","src":"https:\/\/i0.wp.com\/horsefood.ee\/wp-content\/uploads\/2024\/06\/HF_Licks_Mineralenemmer.png?fit=800%2C800&ssl=1&resize=350%2C200","width":350,"height":200,"srcset":"https:\/\/i0.wp.com\/horsefood.ee\/wp-content\/uploads\/2024\/06\/HF_Licks_Mineralenemmer.png?fit=800%2C800&ssl=1&resize=350%2C200 1x, https:\/\/i0.wp.com\/horsefood.ee\/wp-content\/uploads\/2024\/06\/HF_Licks_Mineralenemmer.png?fit=800%2C800&ssl=1&resize=525%2C300 1.5x, https:\/\/i0.wp.com\/horsefood.ee\/wp-content\/uploads\/2024\/06\/HF_Licks_Mineralenemmer.png?fit=800%2C800&ssl=1&resize=700%2C400 2x"},"classes":[]},{"id":3666,"url":"https:\/\/horsefood.ee\/latvia\/pood\/horse-dinner\/","url_meta":{"origin":4127,"position":4},"title":"Horse Dinner (kores\u00f6\u00f6t, silo kvaliteet) 20kg","author":"kadri koppel","date":"21. Apr 2017","format":false,"excerpt":"Silo kvaliteet. K\u00f5rgekvaliteediline\u00a0Itaalia raihein.\u00a0 S\u00e4ilitusainete ja kemikaalide vaba. 100% looduslik toode!\u00a0 Soodne pH 5,5. Niiskusesisaldus: 30-45%. Tolmuvaba! V\u00e4ga maitsev! Standard kasutamine: 1kg\/100kg kehakaalu kohta p\u00e4evas. K\u00f5rgekvaliteediline kores\u00f6\u00f6t on hobusele parim valik kiireks energia taastamiseks ja seda eriti just v\u00e4ljas\u00f5itudel v\u00f5istluspaikadesse. Osad isendid kulutavad siis kaks ja rohkem korda energiat, kui\u2026","rel":"","context":"Similar post","block_context":{"text":"Similar post","link":""},"img":{"alt_text":"","src":"https:\/\/i0.wp.com\/horsefood.ee\/wp-content\/uploads\/2017\/04\/horsedinner.png?fit=600%2C766&ssl=1&resize=350%2C200","width":350,"height":200,"srcset":"https:\/\/i0.wp.com\/horsefood.ee\/wp-content\/uploads\/2017\/04\/horsedinner.png?fit=600%2C766&ssl=1&resize=350%2C200 1x, https:\/\/i0.wp.com\/horsefood.ee\/wp-content\/uploads\/2017\/04\/horsedinner.png?fit=600%2C766&ssl=1&resize=525%2C300 1.5x"},"classes":[]},{"id":3494,"url":"https:\/\/horsefood.ee\/latvia\/pood\/omega-3-power-mix\/","url_meta":{"origin":4127,"position":5},"title":"Omega-3 Power Mix (kaeravaba \/ v\u00f5imekad lihased \/ tippsooritus) 20kg","author":"Georg Koppel","date":"14. Apr 2017","format":false,"excerpt":"Kaeravaba t\u00e4iss\u00f6\u00f6t treenivatele ja v\u00f5istlevatele hobustele L\u00e4bim\u00f5eldud kaeravaba lisands\u00f6\u00f6t hobusele, kelle t\u00f6\u00f6koormus n\u00f5uab enamat kui lihtsalt heina ning kelle puhul on oluline, et treeningus tehtud t\u00f6\u00f6 vormistuks v\u00f5istlustel tulemuseks. Kasutusel sporthobuste ratsioonides ka k\u00f5rgema koormuse juures. Vaakuumpakendatud, et s\u00e4ilitada s\u00f6\u00f6da v\u00e4rskus ning vitamiinide ja mineraalide kvaliteet. See kaeravaba m\u00fcslisegu on\u2026","rel":"","context":"Similar post","block_context":{"text":"Similar post","link":""},"img":{"alt_text":"","src":"https:\/\/i0.wp.com\/horsefood.ee\/wp-content\/uploads\/2017\/04\/Omega-3-Power-Mix-1.jpg?fit=395%2C593&ssl=1&resize=350%2C200","width":350,"height":200},"classes":[]}],"_links":{"self":[{"href":"https:\/\/horsefood.ee\/latvia\/wp-json\/wp\/v2\/product\/4127","targetHints":{"allow":["GET"]}}],"collection":[{"href":"https:\/\/horsefood.ee\/latvia\/wp-json\/wp\/v2\/product"}],"about":[{"href":"https:\/\/horsefood.ee\/latvia\/wp-json\/wp\/v2\/types\/product"}],"wp:featuredmedia":[{"embeddable":true,"href":"https:\/\/horsefood.ee\/latvia\/wp-json\/wp\/v2\/media\/4852"}],"wp:attachment":[{"href":"https:\/\/horsefood.ee\/latvia\/wp-json\/wp\/v2\/media?parent=4127"}],"wp:term":[{"taxonomy":"product_brand","embeddable":true,"href":"https:\/\/horsefood.ee\/latvia\/wp-json\/wp\/v2\/product_brand?post=4127"},{"taxonomy":"product_cat","embeddable":true,"href":"https:\/\/horsefood.ee\/latvia\/wp-json\/wp\/v2\/product_cat?post=4127"},{"taxonomy":"product_tag","embeddable":true,"href":"https:\/\/horsefood.ee\/latvia\/wp-json\/wp\/v2\/product_tag?post=4127"}],"curies":[{"name":"wp","href":"https:\/\/api.w.org\/{rel}","templated":true}]}}