{"id":19522,"date":"2024-05-25T19:15:48","date_gmt":"2024-05-25T16:15:48","guid":{"rendered":"https:\/\/horsefood.ee\/?post_type=product&#038;p=19522"},"modified":"2025-07-03T11:44:26","modified_gmt":"2025-07-03T08:44:26","slug":"soodakopsik","status":"publish","type":"product","link":"https:\/\/horsefood.ee\/latvia\/pood\/soodakopsik\/","title":{"rendered":"S\u00f6\u00f6dakopsik"},"content":{"rendered":"<p><img data-recalc-dims=\"1\" loading=\"lazy\" decoding=\"async\" data-attachment-id=\"10040\" data-permalink=\"https:\/\/horsefood.ee\/latvia\/uudised\/kopsik-7\/#main\" data-orig-file=\"https:\/\/i0.wp.com\/horsefood.ee\/wp-content\/uploads\/2020\/02\/kopsik-7.jpg?fit=2055%2C2056&amp;ssl=1\" data-orig-size=\"2055,2056\" data-comments-opened=\"0\" data-image-meta=\"{&quot;aperture&quot;:&quot;5.6&quot;,&quot;credit&quot;:&quot;Picasa&quot;,&quot;camera&quot;:&quot;Canon EOS 450D&quot;,&quot;caption&quot;:&quot;&quot;,&quot;created_timestamp&quot;:&quot;1580742224&quot;,&quot;copyright&quot;:&quot;&quot;,&quot;focal_length&quot;:&quot;31&quot;,&quot;iso&quot;:&quot;400&quot;,&quot;shutter_speed&quot;:&quot;0.0125&quot;,&quot;title&quot;:&quot;&quot;,&quot;orientation&quot;:&quot;0&quot;}\" data-image-title=\"Horsefood\" data-image-description=\"\" data-image-caption=\"\" data-large-file=\"https:\/\/i0.wp.com\/horsefood.ee\/wp-content\/uploads\/2020\/02\/kopsik-7.jpg?fit=1020%2C1020&amp;ssl=1\" class=\"alignnone size-medium wp-image-10040\" src=\"https:\/\/i0.wp.com\/horsefood.ee\/wp-content\/uploads\/2020\/02\/kopsik-7.jpg?resize=300%2C300&#038;ssl=1\" alt=\"\" width=\"300\" height=\"300\" srcset=\"https:\/\/i0.wp.com\/horsefood.ee\/wp-content\/uploads\/2020\/02\/kopsik-7.jpg?resize=300%2C300&amp;ssl=1 300w, https:\/\/i0.wp.com\/horsefood.ee\/wp-content\/uploads\/2020\/02\/kopsik-7.jpg?resize=1024%2C1024&amp;ssl=1 1024w, https:\/\/i0.wp.com\/horsefood.ee\/wp-content\/uploads\/2020\/02\/kopsik-7.jpg?resize=150%2C150&amp;ssl=1 150w, https:\/\/i0.wp.com\/horsefood.ee\/wp-content\/uploads\/2020\/02\/kopsik-7.jpg?resize=768%2C768&amp;ssl=1 768w, https:\/\/i0.wp.com\/horsefood.ee\/wp-content\/uploads\/2020\/02\/kopsik-7.jpg?resize=1536%2C1536&amp;ssl=1 1536w, https:\/\/i0.wp.com\/horsefood.ee\/wp-content\/uploads\/2020\/02\/kopsik-7.jpg?resize=2048%2C2048&amp;ssl=1 2048w, https:\/\/i0.wp.com\/horsefood.ee\/wp-content\/uploads\/2020\/02\/kopsik-7.jpg?resize=416%2C416&amp;ssl=1 416w, https:\/\/i0.wp.com\/horsefood.ee\/wp-content\/uploads\/2020\/02\/kopsik-7.jpg?resize=100%2C100&amp;ssl=1 100w\" sizes=\"auto, (max-width: 300px) 100vw, 300px\" \/><\/p>","protected":false},"excerpt":{"rendered":"<p>S\u00f6\u00f6dakopsik mahutab 1kg graanuleid v\u00f5i 750gr m\u00fcslit.<\/p>","protected":false},"featured_media":10023,"template":"","meta":{"jetpack_post_was_ever_published":false,"jetpack_publicize_message":"","jetpack_publicize_feature_enabled":true,"jetpack_social_post_already_shared":true,"jetpack_social_options":{"image_generator_settings":{"template":"highway","default_image_id":0,"font":"","enabled":false},"version":2}},"product_brand":[],"product_cat":[41],"product_tag":[],"class_list":{"0":"post-19522","1":"product","2":"type-product","3":"status-publish","4":"has-post-thumbnail","6":"product_cat-teised-tooted","8":"first","9":"instock","10":"shipping-taxable","11":"purchasable","12":"product-type-simple"},"jetpack_publicize_connections":[],"jetpack_sharing_enabled":true,"jetpack-related-posts":[{"id":4178,"url":"https:\/\/horsefood.ee\/latvia\/pood\/soodaamber-kaanega-15l\/","url_meta":{"origin":19522,"position":0},"title":"Horsefood`The best originaal s\u00f6\u00f6da\u00e4mber koos kaanega \/ 15L","author":"kadri koppel","date":"23. Aug 2017","format":false,"excerpt":"Horsefood s\u00f6\u00f6da\u00e4mber kaanega 15L. NB! S\u00f6\u00f6dakopsik ei kuulu komplekti!","rel":"","context":"Similar post","block_context":{"text":"Similar post","link":""},"img":{"alt_text":"","src":"https:\/\/i0.wp.com\/horsefood.ee\/wp-content\/uploads\/2017\/10\/S%C3%B6%C3%B6da%C3%A4mber-kaanega.jpg?fit=801%2C1200&ssl=1&resize=350%2C200","width":350,"height":200,"srcset":"https:\/\/i0.wp.com\/horsefood.ee\/wp-content\/uploads\/2017\/10\/S%C3%B6%C3%B6da%C3%A4mber-kaanega.jpg?fit=801%2C1200&ssl=1&resize=350%2C200 1x, https:\/\/i0.wp.com\/horsefood.ee\/wp-content\/uploads\/2017\/10\/S%C3%B6%C3%B6da%C3%A4mber-kaanega.jpg?fit=801%2C1200&ssl=1&resize=525%2C300 1.5x, https:\/\/i0.wp.com\/horsefood.ee\/wp-content\/uploads\/2017\/10\/S%C3%B6%C3%B6da%C3%A4mber-kaanega.jpg?fit=801%2C1200&ssl=1&resize=700%2C400 2x"},"classes":[]},{"id":5822,"url":"https:\/\/horsefood.ee\/latvia\/pood\/msmglukosamiinkondroitiin-liigesed-kohred-1kg\/","url_meta":{"origin":19522,"position":1},"title":"MGC Artro Mix  (liigesed \/ k\u00f5hred \/ sidekude) 1000 gr","author":"kadri koppel","date":"24. J\u016bl 2018","format":false,"excerpt":"\u00a0 Toidulisand hobustele. Tasakaalustatud suhe gl\u00fckosamiini, kollageeni,\u00a0kondroitiini ja\u00a0\u00a0k\u00f5rgekvaliteediline MSM. Tervislikud liigesed, sidemed ja k\u00f5\u00f5lused moodustavad aluse tervislikuks ja paindlikuks liikumiseks. Horsefood MGC Artro Mix on k\u00f5rgekvaliteediline kombinatsioon MSM-ist (met\u00fc\u00fclsulfon\u00fc\u00fclr\u00fchm), gl\u00fckoosamiinist, kondroitiinist ja kollageenist. Kuigi keha toodab m\u00f5nda neist ainetest ise, vajavad hobused tugevas kasvufaasis, rasketes koormustingimustes v\u00f5i vigastuste ja kulumise\u2026","rel":"","context":"Similar post","block_context":{"text":"Similar post","link":""},"img":{"alt_text":"","src":"https:\/\/i0.wp.com\/horsefood.ee\/wp-content\/uploads\/2023\/10\/IMG_0740-scaled.jpeg?fit=900%2C1200&ssl=1&resize=350%2C200","width":350,"height":200,"srcset":"https:\/\/i0.wp.com\/horsefood.ee\/wp-content\/uploads\/2023\/10\/IMG_0740-scaled.jpeg?fit=900%2C1200&ssl=1&resize=350%2C200 1x, https:\/\/i0.wp.com\/horsefood.ee\/wp-content\/uploads\/2023\/10\/IMG_0740-scaled.jpeg?fit=900%2C1200&ssl=1&resize=525%2C300 1.5x, https:\/\/i0.wp.com\/horsefood.ee\/wp-content\/uploads\/2023\/10\/IMG_0740-scaled.jpeg?fit=900%2C1200&ssl=1&resize=700%2C400 2x"},"classes":[]},{"id":7439,"url":"https:\/\/horsefood.ee\/latvia\/pood\/heinakuubikud-20kg\/","url_meta":{"origin":19522,"position":2},"title":"Heinagraanulid \/ ei vaja leotamist \/ ei sobi kores\u00f6\u00f6da t\u00e4ielikuks asendamiseks 20kg","author":"kadri koppel","date":"11. Mai 2019","format":false,"excerpt":"Van Corp Loomas\u00f6\u00f6dad heinagraanulid\u00a0on valmistatud 100% tolmuvabast kuivatatud karjamaarohust. Need on loodud ratsiooni t\u00e4iendamiseks v\u00f5i s\u00f6\u00f6tmiseks kores\u00f6\u00f6da puuduse korral. Pelleteid v\u00f5ib s\u00f6\u00f6ta kuivalt, sest meie\u00a0heinagraanulid ei vaja leotamist!\u00a0Loomulikult on lubatud graanuleid soojas vees leotada, kuid see ei ole h\u00e4davajalik. Lisands\u00f6\u00f6t. Ei sobi kores\u00f6\u00f6da t\u00e4ielikuks asendamiseks (t\u00e4ielikuks kores\u00f6\u00f6da asendajaks sobib Multibeet-seniormix).\u2026","rel":"","context":"Similar post","block_context":{"text":"Similar post","link":""},"img":{"alt_text":"","src":"https:\/\/i0.wp.com\/horsefood.ee\/wp-content\/uploads\/2019\/05\/1.png?fit=794%2C1123&ssl=1&resize=350%2C200","width":350,"height":200,"srcset":"https:\/\/i0.wp.com\/horsefood.ee\/wp-content\/uploads\/2019\/05\/1.png?fit=794%2C1123&ssl=1&resize=350%2C200 1x, https:\/\/i0.wp.com\/horsefood.ee\/wp-content\/uploads\/2019\/05\/1.png?fit=794%2C1123&ssl=1&resize=525%2C300 1.5x, https:\/\/i0.wp.com\/horsefood.ee\/wp-content\/uploads\/2019\/05\/1.png?fit=794%2C1123&ssl=1&resize=700%2C400 2x"},"classes":[]},{"id":3768,"url":"https:\/\/horsefood.ee\/latvia\/pood\/bodybuilder-1kg\/","url_meta":{"origin":19522,"position":3},"title":"Bodybuilder (sooritusv\u00f5ime \/ lihased) 1000ml","author":"kadri koppel","date":"24. Mai 2017","format":false,"excerpt":"Toote kirjeldus \u00a0 Horsefood The Best Bodybuilder on s\u00f6\u00f6dalisand hobustele, mis sisaldab mitmek\u00fclgset kombinatsiooni aminohapetest, sh BCAA-d, mis on valkude olulised ehituskomponendid. Aminohapped osalevad lihaste ainevahetuses ning aitavad toetada lihaste arengut ja taastumist koormuse ajal ja j\u00e4rel. Toode sobib hobustele, kes on regulaarses treeningus, samuti hobustele, kellel esineb lihasv\u00e4simust v\u00f5i\u2026","rel":"","context":"Similar post","block_context":{"text":"Similar post","link":""},"img":{"alt_text":"","src":"https:\/\/i0.wp.com\/horsefood.ee\/wp-content\/uploads\/2023\/10\/IMG_0767-scaled.jpeg?fit=900%2C1200&ssl=1&resize=350%2C200","width":350,"height":200,"srcset":"https:\/\/i0.wp.com\/horsefood.ee\/wp-content\/uploads\/2023\/10\/IMG_0767-scaled.jpeg?fit=900%2C1200&ssl=1&resize=350%2C200 1x, https:\/\/i0.wp.com\/horsefood.ee\/wp-content\/uploads\/2023\/10\/IMG_0767-scaled.jpeg?fit=900%2C1200&ssl=1&resize=525%2C300 1.5x, https:\/\/i0.wp.com\/horsefood.ee\/wp-content\/uploads\/2023\/10\/IMG_0767-scaled.jpeg?fit=900%2C1200&ssl=1&resize=700%2C400 2x"},"classes":[]},{"id":3492,"url":"https:\/\/horsefood.ee\/latvia\/pood\/easy-mix\/","url_meta":{"origin":19522,"position":4},"title":"Easy-mix (kaeravaba \/ n\u00e4rvilisus \/ sport \/ keskmine koormus) 20kg","author":"Georg Koppel","date":"14. Apr 2017","format":false,"excerpt":"Kaeravaba m\u00fcsli hobustele L\u00e4bim\u00f5eldud kaeravaba lisands\u00f6\u00f6t hobustele, kelle puhul on oluline piisav energiavarustus ilma liigse erutuvuseta ning kes t\u00f6\u00f6tavad \u00fclalpidamisel kuni keskmise koormusega. See kaeravaba m\u00fcsli on loodud hobustele, kellele on vaja anda h\u00e4sti omastatavat energiat, hoides samal ajal temperamendi rahuliku ja kontrollituna. Sobib igap\u00e4evaseks kasutamiseks hobustele, kes teevad keskmist\u2026","rel":"","context":"Similar post","block_context":{"text":"Similar post","link":""},"img":{"alt_text":"","src":"https:\/\/i0.wp.com\/horsefood.ee\/wp-content\/uploads\/2017\/04\/Easy-Mix-1.jpg?fit=383%2C575&ssl=1&resize=350%2C200","width":350,"height":200},"classes":[]},{"id":7276,"url":"https:\/\/horsefood.ee\/latvia\/pood\/suhkrupeet-20kg\/","url_meta":{"origin":19522,"position":5},"title":"Suhkrupeedi viljalihagraanulid (konditsioon \/ seedimine \/ \u00fclimaitsev) 20kg","author":"kadri koppel","date":"12. Apr 2019","format":false,"excerpt":"Van Corp Loomas\u00f6\u00f6dad suhkrupeedigraanulid on maitsev ja energiarikas lisands\u00f6\u00f6t. Sisaldab kergesti laguneeritavaid s\u00fcsivesikuid (pektiinid), mida vabastatakse j\u00e4rk-j\u00e4rgult. Suhkrupeedi viljalihagraanuleid toodetakse peedist suhkru eemaldamise j\u00e4rgselt, kus allesj\u00e4\u00e4nud peedimass kuivatakse ja pressitakse seej\u00e4rel 6mm vormidesse. S\u00f6\u00f6damaterjal Hollandi peedipulp on tuntud oma k\u00f5rge kvaliteedi ja v\u00e4ga heade maitseomaduste poolest. Enne loomadele s\u00f6\u00f6tmist tuleb\u2026","rel":"","context":"Similar post","block_context":{"text":"Similar post","link":""},"img":{"alt_text":"","src":"https:\/\/i0.wp.com\/horsefood.ee\/wp-content\/uploads\/2019\/04\/Suhkrupeet-transparent.png?fit=1060%2C707&ssl=1&resize=350%2C200","width":350,"height":200,"srcset":"https:\/\/i0.wp.com\/horsefood.ee\/wp-content\/uploads\/2019\/04\/Suhkrupeet-transparent.png?fit=1060%2C707&ssl=1&resize=350%2C200 1x, https:\/\/i0.wp.com\/horsefood.ee\/wp-content\/uploads\/2019\/04\/Suhkrupeet-transparent.png?fit=1060%2C707&ssl=1&resize=525%2C300 1.5x, https:\/\/i0.wp.com\/horsefood.ee\/wp-content\/uploads\/2019\/04\/Suhkrupeet-transparent.png?fit=1060%2C707&ssl=1&resize=700%2C400 2x, https:\/\/i0.wp.com\/horsefood.ee\/wp-content\/uploads\/2019\/04\/Suhkrupeet-transparent.png?fit=1060%2C707&ssl=1&resize=1050%2C600 3x"},"classes":[]}],"_links":{"self":[{"href":"https:\/\/horsefood.ee\/latvia\/wp-json\/wp\/v2\/product\/19522","targetHints":{"allow":["GET"]}}],"collection":[{"href":"https:\/\/horsefood.ee\/latvia\/wp-json\/wp\/v2\/product"}],"about":[{"href":"https:\/\/horsefood.ee\/latvia\/wp-json\/wp\/v2\/types\/product"}],"wp:featuredmedia":[{"embeddable":true,"href":"https:\/\/horsefood.ee\/latvia\/wp-json\/wp\/v2\/media\/10023"}],"wp:attachment":[{"href":"https:\/\/horsefood.ee\/latvia\/wp-json\/wp\/v2\/media?parent=19522"}],"wp:term":[{"taxonomy":"product_brand","embeddable":true,"href":"https:\/\/horsefood.ee\/latvia\/wp-json\/wp\/v2\/product_brand?post=19522"},{"taxonomy":"product_cat","embeddable":true,"href":"https:\/\/horsefood.ee\/latvia\/wp-json\/wp\/v2\/product_cat?post=19522"},{"taxonomy":"product_tag","embeddable":true,"href":"https:\/\/horsefood.ee\/latvia\/wp-json\/wp\/v2\/product_tag?post=19522"}],"curies":[{"name":"wp","href":"https:\/\/api.w.org\/{rel}","templated":true}]}}